6) a composite number?
False
Let u = 4 - 0. Suppose 5*w = -u*f + 389, 173 - 563 = -5*w - 5*f. Is w prime?
False
Let i = 7 - -70. Is i a composite number?
True
Let z(c) = 10*c**2 + 3*c + 3. Is z(-2) a composite number?
False
Let l(a) = -a**3 - 3*a**2 - 2*a. Let g be l(-2). Let m = 0 - g. Suppose 3*y - 7 - 56 = m. Is y prime?
False
Let a(b) = b**3 - 10*b**2 - 3*b - 2. Is a(13) a prime number?
False
Let r(d) = -2*d + 1. Suppose -2*s - 3*t + 6 - 1 = 0, 0 = -2*s + 4*t - 2. Let h be (-3)/(14/8 - s). Is r(h) composite?
True
Suppose 0*h = -3*h + 6. Let a(q) = -3 + 1 - 2*q + 2*q**h - 1. Is a(5) a composite number?
False
Let j(s) = -s**3 - s**2 + 4*s + 4. Is j(-3) composite?
True
Let d(c) = c**3 - 3*c**2 + 7*c + 6. Is d(7) a prime number?
True
Let y(v) = 13*v + 22. Let l be y(17). Let u = -82 + l. Is u a composite number?
True
Let j = -60 + 130. Suppose -7*l = -2*l - j. Is l composite?
True
Let s = 7365 - 4160. Is s a composite number?
True
Suppose -5*c = -3*k + 5*k - 176, -3*k = 4*c - 271. Let h be 3*((-55)/3 + -1). Let r = k + h. Is r a prime number?
False
Suppose d + 5 = -2*d + 4*r, 1 = -5*d + 3*r. Let i = d + 0. Is i*(0/2 + 53) a composite number?
False
Let o = 1 + 1. Suppose -4*f + 2*i - 156 = -8*f, -o*f - 2*i = -82. Is f composite?
False
Let k = 6 + -9. Let b be -78*k*(-3)/18. Is (-1 - b) + 4/(-4) a prime number?
True
Suppose 0 = w - z + 3*z + 25, -3*z = -4*w - 45. Is 170/6*w/(-5) a composite number?
True
Let w(n) = 2*n**2 + 7*n - 28. Is w(-15) a composite number?
False
Is ((-452)/(-9 + 5))/1 composite?
False
Let r(d) = 8*d**2 - 2*d + 1. Is r(-3) composite?
False
Suppose 4*h - 118 + 470 = -4*f, 4*f + 3*h + 348 = 0. Suppose 123 = -4*g - 2*b - 65, 2*g + 94 = -5*b. Let m = g - f. Is m a composite number?
False
Suppose 0*d + 24 = -3*d. Let j(k) = -133*k - 9. Is j(d) a prime number?
False
Let k(f) = f**3 - 6*f**2 - 6*f - 6. Let q be k(7). Suppose 2*n = q + 11. Is 3/n*-6 - -22 a prime number?
True
Let x = 71 + 407. Is x a prime number?
False
Suppose -6 - 33 = -5*p + 3*n, 2*n - 31 = -3*p. Is p prime?
False
Suppose 3*n - 53 = 10. Suppose -v + d = 5*d - n, -5*v = -2*d - 17. Suppose -4*a = -x - 211, v*x - 111 = -a - a. Is a a prime number?
True
Let z = 1289 - 910. Is z composite?
False
Let i be (12/15)/(1/5). Suppose i*v + 4*u = 12, 7*v = 3*v + 3*u + 19. Is (v/(-8))/((-2)/436) composite?
False
Suppose -4*s = -7*s + 105. Suppose 0*k = -5*k - s. Let f = k + 26. Is f a composite number?
False
Let a(o) be the first derivative of -64*o**3/3 - o**2/2 + 2. Let p be a(-1). Let w = p + 128. Is w composite?
True
Let m = 319 - 68. Is m prime?
True
Suppose -18*h + 4*h + 2786 = 0. Is h a prime number?
True
Let k(u) = -24*u - 5. Let n be (-86)/10 - 3/(-5). Is k(n) a composite number?
True
Let w = 26 - 21. Suppose -2*u + 343 = 5*k - 714, 4*u = -w*k + 2099. Is u prime?
True
Let v(m) = -m + 5. Let r be v(3). Suppose -11*u = -15*u. Suppose u*o + 14 = r*o. Is o prime?
True
Let w(s) = s**3 + 4*s**2 - 4*s + 7. Let c be w(-5). Suppose 15 = c*t - 291. Suppose 0 = h + 2*n - 49, n + t + 29 = 3*h. Is h composite?
False
Let m(l) be the second derivative of -l**4/12 - l**3/6 + 3*l**2/2 + l. Let i be m(0). Suppose t + 38 = 2*t + i*o, 5*o - 5 = 0. Is t a composite number?
True
Suppose 0*a - 5 = -5*a. Let p = a - -1. Suppose -p*d + 0*u = -u - 42, -2*u = -3*d + 61. Is d composite?
False
Let t(w) = 7*w - 3. Let n = -2 + 2. Suppose n + 4 = q. Is t(q) a composite number?
True
Let w = -10 - -4. Let k = 6 + w. Suppose k = 3*h - 5*u - 91, -2*h + 127 = h + 4*u. Is h a prime number?
True
Let n = 48 + -26. Suppose 2*w - 4*w + n = 0. Is w a prime number?
True
Suppose -o + 8886 = 5*o. Is o composite?
False
Suppose -231 = -12*m + 9*m. Is m a prime number?
False
Suppose 0 = -4*l - 3*q - 4 + 13, 0 = l + 4*q + 14. Let s(i) = -i + 8. Let b be s(l). Is (-57)/b*(-10)/15 composite?
False
Suppose 4*n + 4*c + 8 = 0, 0 = -3*n - 3*c + 2*c + 2. Let h = 6 + n. Is 2/(-8) + 410/h a composite number?
True
Let o(a) = -a**3 + a**2 + a + 6. Let j be o(0). Suppose -9 = -5*n + j. Suppose -5*t = -0*t - 2*f - 257, 0 = 5*t + n*f - 252. Is t a prime number?
False
Let j(k) = 92*k**2 - 4*k + 1. Is j(8) a prime number?
True
Let x = 939 + -528. Is x a prime number?
False
Let x be (-3)/(4 + -1) - -2. Suppose 0 = -y + x. Let t = y + 13. Is t prime?
False
Suppose -3*b = -2*p + p + 14, 2*p + 2 = -4*b. Suppose -5 = k - 2*j, p*j - 22 = -4*k + 10. Suppose 0 = -4*s - k - 1, -5*x - s = -394. Is x a composite number?
False
Let y = -84 + 173. Is y prime?
True
Suppose -v + 578 = -1323. Is v prime?
True
Let f(i) = -i**2 + 5*i + 5. Let q be f(6). Let g be 4 + -5 - 1*q. Suppose 3*j + 0 - 18 = g. Is j a prime number?
False
Is -4*22/(-16)*14 prime?
False
Let m(i) = -6*i**3 + 2*i**2 - 1. Let u be m(1). Let b = u + 7. Suppose b*z - 435 + 4 = -3*x, 0 = 4*z + 5*x - 863. Is z composite?
True
Let m = 3816 + -1333. Is m a composite number?
True
Suppose 5*t + 4*d - 2624 = 0, 1604 = 2*t + t - 5*d. Suppose 2*s + 135 = -m + 2*m, 4*m - t = 4*s. Is m a composite number?
True
Is 4/18 + 35708/18 + 1 prime?
False
Let m = 65 + 114. Is m prime?
True
Let c(b) = 130*b**2 - 5*b + 21. Is c(4) a prime number?
True
Is (-10)/4*6312/(-60) a composite number?
False
Let j = -42 - -61. Is j composite?
False
Let x(y) be the first derivative of 7*y**2/2 - y - 2. Let s be x(1). Suppose 2*j + 4*g - s*g = 154, -154 = -2*j - 3*g. Is j composite?
True
Let k(b) be the third derivative of b**6/24 - b**4/12 - b**3/3 + b**2. Let x be k(-3). Let g = -64 - x. Is g a prime number?
True
Let y(x) = 12*x. Let o be y(3). Is o + (3 - 2 - 2) a prime number?
False
Suppose 2*u - 1007 = 1011. Is u prime?
True
Suppose -4*i + 252 = 4*u, 4*u - u - 201 = i. Let y = u + 13. Is y a composite number?
False
Let o be ((-8)/6)/((-8)/(-444)). Let c = o + 109. Is c composite?
True
Let d = 826 + -558. Suppose 869 = 3*c - d. Is c prime?
True
Suppose -2*c + 2 = -2. Suppose j + c*x = 22, 4*j - 5*j + 2*x = -6. Let v = 24 - j. Is v prime?
False
Suppose b + b = 96. Let a = 72 + 11. Let u = a - b. Is u a composite number?
True
Let d(u) = 2*u**2 + 2*u - 1. Let j be d(-2). Suppose 20 = o - l, -j*o + 55 = -0*l + 2*l. Is o prime?
True
Suppose 3*t - 4*o = -21, -t - 6 = -o - 0. Let d(n) = n**3. Let x(f) = 2*f**3 + 8*f**2 - 6*f + 1. Let w(k) = t*d(k) + x(k). Is w(6) composite?
False
Let r = 2099 - 1468. Is r composite?
False
Suppose -26*d + 25*d = -407. Is d composite?
True
Suppose -3*o - 3*z + 6793 = 2*o, -4 = z. Is o a composite number?
False
Is 3/6*-701*(-1 - 1) composite?
False
Let p(x) = x - 1. Let a(s) = -s**3 - 6*s**2 - 5*s + 3. Let j be a(-5). Let m be p(j). Suppose -3*l + 4*z = -147 - 264, m*z + 6 = 0. Is l composite?
True
Let w(p) = -p**3 + 24*p**2 - 16*p - 4. Is w(23) composite?
False
Suppose 0 = 2*u - k - 23, k + 2 = -3. Suppose 0*o - 3*o + u = 0. Suppose o*c = -c + 204. Is c prime?
False
Let v(s) = 3*s**3 - 13*s**2 + 4*s - 6. Let y(x) = 4*x**3 - 19*x**2 + 6*x - 9. Let o(r) = 7*v(r) - 5*y(r). Is o(-4) composite?
False
Suppose i - 6 = -2*v - 2, 5*i + 2*v + 12 = 0. Let h(q) = -3*q + 2. Let m be h(i). Suppose -3*s + m + 79 = 0. Is s a composite number?
False
Let n(k) = k**3 + 9*k**2 - 3*k + 1. Let y be n(-7). Suppose -h = -4*h - 258. Let d = h + y. Is d a prime number?
False
Let h be 4/12 - 44/(-3). Suppose 4 = i, -4*k + 2*i + 33 = -h. Let l = 33 - k. Is l a composite number?
False
Let t be (0 + -1)/(0 - 1). Let p be 134/t - (-2)/1. Suppose 4*s + 5*j + 29 = p, 4*s - 104 = -4*j. Is s a composite number?
False
Let t(i) = -i - 15. Let a be t(-8). Let b = 14 + a. Is b a prime number?
True
Suppose 4*n + 3*q = -6, 0 = -n - 4*q - 10 + 2. Suppose n = 5*i - 3*v - 2435, i + i + 4*v = 974. Is i a prime number?
True
Suppose 4*q - 1504 = -4*c, -5*q + 3*q + 1129 = 3*c. Is c a prime number?
False
Let k(t) = 4*t**2 + 5*t - 2*t**2 - 2 - 2*t. Let i be (3/(-2))/(6/12). Is k(i) composite?
False
Let g be -3 + 2 + 2 + 1. Let j(a) = 2*a**3 - 4*a**2 + 3*a - 1. Let v be j(g). Suppose v*z - 163 = -48. Is z a prime number?
True
Let y(o) = o**2 + 4*o + 1. Let v be y(-5). Let r = v - 3. Suppose -6*w + r*w = -66. Is w a prime number?
False
Let d(a) = -a**2 + a - 9. Let x be d(0). Let j = x - -14. Suppose 0 = -5*h - f + 340, -2*h + 114 = -j*f + 5. Is h composite?
False
Let r(k) = 16*k + 16. Let j be r(7). Let m = j - 85. Is m a prime numbe